{"id":311,"date":"2024-12-09T17:38:18","date_gmt":"2024-12-09T17:38:18","guid":{"rendered":"https:\/\/kiskertpiac.hu\/?page_id=311"},"modified":"2025-01-23T19:08:36","modified_gmt":"2025-01-23T19:08:36","slug":"kapcsolat","status":"publish","type":"page","link":"https:\/\/kiskertpiac.hu\/index.php\/kapcsolat\/","title":{"rendered":"Kapcsolat"},"content":{"rendered":"<p>[et_pb_section fb_built=&#8221;1&#8243; _builder_version=&#8221;4.27.4&#8243; _module_preset=&#8221;default&#8221; background_enable_image=&#8221;off&#8221; background_size=&#8221;initial&#8221; background_position=&#8221;top_right&#8221; background_horizontal_offset=&#8221;2%&#8221; background_vertical_offset=&#8221;100%&#8221; custom_padding=&#8221;13px||149px||false|false&#8221; global_colors_info=&#8221;{}&#8221;][et_pb_row column_structure=&#8221;1_2,1_2&#8243; _builder_version=&#8221;4.23&#8243; _module_preset=&#8221;default&#8221; width=&#8221;100%&#8221; max_width=&#8221;90%&#8221; custom_margin=&#8221;19px|auto||auto||&#8221; custom_padding=&#8221;||0px||false|false&#8221; global_colors_info=&#8221;{}&#8221;][et_pb_column type=&#8221;1_2&#8243; _builder_version=&#8221;4.23&#8243; _module_preset=&#8221;default&#8221; global_colors_info=&#8221;{}&#8221;][et_pb_text module_id=&#8221;esemenyek&#8221; module_class=&#8221;esemenyek&#8221; _builder_version=&#8221;4.27.4&#8243; _module_preset=&#8221;default&#8221; text_font=&#8221;Raleway||||||||&#8221; text_text_color=&#8221;#ddc5c3&#8243; text_font_size=&#8221;45px&#8221; text_line_height=&#8221;1.2em&#8221; text_font_size_tablet=&#8221;61px&#8221; text_font_size_phone=&#8221;35px&#8221; text_font_size_last_edited=&#8221;on|phone&#8221; global_colors_info=&#8221;{}&#8221;]<\/p>\n<p style=\"text-align: left;\">kapcsolat<\/p>\n<p>[\/et_pb_text][\/et_pb_column][et_pb_column type=&#8221;1_2&#8243; _builder_version=&#8221;4.23&#8243; _module_preset=&#8221;default&#8221; global_colors_info=&#8221;{}&#8221;][et_pb_text module_id=&#8221;esemenyek&#8221; module_class=&#8221;esemenyek&#8221; _builder_version=&#8221;4.27.4&#8243; _module_preset=&#8221;default&#8221; text_font=&#8221;Raleway||||||||&#8221; text_text_color=&#8221;#ddc5c3&#8243; text_font_size=&#8221;45px&#8221; text_line_height=&#8221;1.2em&#8221; text_font_size_tablet=&#8221;61px&#8221; text_font_size_phone=&#8221;35px&#8221; text_font_size_last_edited=&#8221;on|phone&#8221; global_colors_info=&#8221;{}&#8221; hover_enabled=&#8221;0&#8243; sticky_enabled=&#8221;0&#8243;]<\/p>\n<p style=\"text-align: left;\">h\u00edrlev\u00e9l<\/p>\n<p>[\/et_pb_text][\/et_pb_column][\/et_pb_row][et_pb_row column_structure=&#8221;1_2,1_2&#8243; use_custom_gutter=&#8221;on&#8221; gutter_width=&#8221;2&#8243; _builder_version=&#8221;4.23&#8243; _module_preset=&#8221;default&#8221; width=&#8221;100%&#8221; max_width=&#8221;90%&#8221; custom_margin=&#8221;19px|auto|-43px|auto||&#8221; custom_padding=&#8221;15px||0px||false|false&#8221; global_colors_info=&#8221;{}&#8221;][et_pb_column type=&#8221;1_2&#8243; _builder_version=&#8221;4.23&#8243; _module_preset=&#8221;default&#8221; global_colors_info=&#8221;{}&#8221;][et_pb_text _builder_version=&#8221;4.23&#8243; _module_preset=&#8221;default&#8221; text_font=&#8221;Raleway||||||||&#8221; text_font_size=&#8221;22px&#8221; text_line_height=&#8221;1.6em&#8221; custom_margin=&#8221;30px||30px|||&#8221; custom_padding=&#8221;||13px|||&#8221; text_font_size_tablet=&#8221;29px&#8221; text_font_size_phone=&#8221;24px&#8221; text_font_size_last_edited=&#8221;on|phone&#8221; global_colors_info=&#8221;{}&#8221;]<\/p>\n<p><strong>n\u00f6v\u00e9ny, gasztron\u00f3mia, nat\u00far kozmetikumok, <br \/>term\u00e9szetes diz\u00e1jn term\u00e9kek<\/strong><span>\u00a0<br \/><\/span>Ki\u00e1ll\u00edt\u00f3k, \u00e1rus\u00edt\u00f3k jelentkez\u00e9s\u00e9t \u00f6r\u00f6mmel fogadjuk n\u00e9h\u00e1ny soros bemutatkoz\u00f3, fot\u00f3k \u00e9s el\u00e9rhet\u0151s\u00e9gek megjel\u00f6l\u00e9s\u00e9vel a <a href=\"mailto:kiskertpiac@gmail.com,\">kiskertpiac@gmail.com<\/a> e-mail c\u00edmen, <br \/>illetve 06 30 343 1853 telefonsz\u00e1mon.<\/p>\n<p>&nbsp;<\/p>\n<p>[\/et_pb_text][\/et_pb_column][et_pb_column type=&#8221;1_2&#8243; _builder_version=&#8221;4.23&#8243; _module_preset=&#8221;default&#8221; global_colors_info=&#8221;{}&#8221;][et_pb_text _builder_version=&#8221;4.23&#8243; _module_preset=&#8221;default&#8221; text_font=&#8221;Raleway||||||||&#8221; text_font_size=&#8221;22px&#8221; text_line_height=&#8221;1.6em&#8221; custom_margin=&#8221;30px||30px|||&#8221; custom_padding=&#8221;||13px|||&#8221; text_font_size_tablet=&#8221;29px&#8221; text_font_size_phone=&#8221;24px&#8221; text_font_size_last_edited=&#8221;on|phone&#8221; global_colors_info=&#8221;{}&#8221;]<\/p>\n<p style=\"text-align: center;\"><b>Iratkozz fel, ha nem szeretn\u00e9l lemaradni a legfrissebb rendezv\u00e9nyekkel kapcsolatos h\u00edrekr\u0151l, nyerem\u00e9nyekr\u0151l, hasznos cikkekr\u0151l.\u00a0<\/b><\/p>\n<p>[\/et_pb_text][et_pb_contact_form email=&#8221;hirlevel@kiskertpiac.hu&#8221; success_message=&#8221;K\u00f6sz\u00f6nj\u00fck, hogy feliratkozt\u00e1l a h\u00edrlev\u00e9lre! &#8221; submit_button_text=&#8221;K\u00dcLD\u00c9S&#8221; _builder_version=&#8221;4.27.4&#8243; _module_preset=&#8221;default&#8221; _unique_id=&#8221;651a5d9a-4435-4f92-b5f8-9d8efa0bc773&#8243; form_field_background_color=&#8221;#ddc5c5&#8243; form_field_text_color=&#8221;#FFFFFF&#8221; form_field_focus_background_color=&#8221;#95c1c0&#8243; form_field_focus_text_color=&#8221;#FFFFFF&#8221; title_font_size=&#8221;20px&#8221; captcha_text_color=&#8221;#000000&#8243; captcha_font_size=&#8221;22px&#8221; form_field_font=&#8221;Raleway|600|||||||&#8221; form_field_font_size=&#8221;22px&#8221; custom_button=&#8221;on&#8221; button_text_size=&#8221;20px&#8221; button_text_color=&#8221;#FFFFFF&#8221; button_bg_color=&#8221;#ddc5c5&#8243; button_font=&#8221;|600|||||||&#8221; custom_margin=&#8221;|50px||50px|false|true&#8221; custom_padding=&#8221;||55px|||&#8221; captcha_text_shadow_style=&#8221;preset5&#8243; captcha_text_shadow_color=&#8221;#FFFFFF&#8221; global_colors_info=&#8221;{}&#8221;][et_pb_contact_field field_id=&#8221;Keresztn\u00e9v&#8221; field_title=&#8221;Keresztn\u00e9v&#8221; fullwidth_field=&#8221;on&#8221; _builder_version=&#8221;4.23&#8243; global_colors_info=&#8221;{}&#8221; button_text_size__hover_enabled=&#8221;off&#8221; button_one_text_size__hover_enabled=&#8221;off&#8221; button_two_text_size__hover_enabled=&#8221;off&#8221; button_text_color__hover_enabled=&#8221;off&#8221; button_one_text_color__hover_enabled=&#8221;off&#8221; button_two_text_color__hover_enabled=&#8221;off&#8221; button_border_width__hover_enabled=&#8221;off&#8221; button_one_border_width__hover_enabled=&#8221;off&#8221; button_two_border_width__hover_enabled=&#8221;off&#8221; button_border_color__hover_enabled=&#8221;off&#8221; button_one_border_color__hover_enabled=&#8221;off&#8221; button_two_border_color__hover_enabled=&#8221;off&#8221; button_border_radius__hover_enabled=&#8221;off&#8221; button_one_border_radius__hover_enabled=&#8221;off&#8221; button_two_border_radius__hover_enabled=&#8221;off&#8221; button_letter_spacing__hover_enabled=&#8221;off&#8221; button_one_letter_spacing__hover_enabled=&#8221;off&#8221; button_two_letter_spacing__hover_enabled=&#8221;off&#8221; button_bg_color__hover_enabled=&#8221;off&#8221; button_one_bg_color__hover_enabled=&#8221;off&#8221; button_two_bg_color__hover_enabled=&#8221;off&#8221;][\/et_pb_contact_field][et_pb_contact_field field_id=&#8221;Email:&#8221; field_title=&#8221;Email c\u00edm&#8221; field_type=&#8221;email&#8221; fullwidth_field=&#8221;on&#8221; _builder_version=&#8221;4.23&#8243; global_colors_info=&#8221;{}&#8221; button_text_size__hover_enabled=&#8221;off&#8221; button_one_text_size__hover_enabled=&#8221;off&#8221; button_two_text_size__hover_enabled=&#8221;off&#8221; button_text_color__hover_enabled=&#8221;off&#8221; button_one_text_color__hover_enabled=&#8221;off&#8221; button_two_text_color__hover_enabled=&#8221;off&#8221; button_border_width__hover_enabled=&#8221;off&#8221; button_one_border_width__hover_enabled=&#8221;off&#8221; button_two_border_width__hover_enabled=&#8221;off&#8221; button_border_color__hover_enabled=&#8221;off&#8221; button_one_border_color__hover_enabled=&#8221;off&#8221; button_two_border_color__hover_enabled=&#8221;off&#8221; button_border_radius__hover_enabled=&#8221;off&#8221; button_one_border_radius__hover_enabled=&#8221;off&#8221; button_two_border_radius__hover_enabled=&#8221;off&#8221; button_letter_spacing__hover_enabled=&#8221;off&#8221; button_one_letter_spacing__hover_enabled=&#8221;off&#8221; button_two_letter_spacing__hover_enabled=&#8221;off&#8221; button_bg_color__hover_enabled=&#8221;off&#8221; button_one_bg_color__hover_enabled=&#8221;off&#8221; button_two_bg_color__hover_enabled=&#8221;off&#8221;][\/et_pb_contact_field][et_pb_contact_field field_id=&#8221;Adatkezel\u00e9si_t\u00e1j\u00e9koztat\u00f3&#8221; field_title=&#8221; &#8221; field_type=&#8221;radio&#8221; radio_options=&#8221;%91{%22value%22:%22Elfogadom az adatkezel\u00e9si t\u00e1j\u00e9koztat\u00f3t.%22,%22checked%22:0,%22dragID%22:-1,%22link_url%22:%22https:\/\/kiskertpiac.hu\/?page_id=3%22}%93&#8243; fullwidth_field=&#8221;on&#8221; _builder_version=&#8221;4.23&#8243; _module_preset=&#8221;default&#8221; form_field_text_color=&#8221;#000000&#8243; form_field_font_size=&#8221;21px&#8221; global_colors_info=&#8221;{}&#8221;][\/et_pb_contact_field][\/et_pb_contact_form][\/et_pb_column][\/et_pb_row][\/et_pb_section]<\/p>\n","protected":false},"excerpt":{"rendered":"<p>kapcsolath\u00edrlev\u00e9ln\u00f6v\u00e9ny, gasztron\u00f3mia, nat\u00far kozmetikumok, term\u00e9szetes diz\u00e1jn term\u00e9kek\u00a0Ki\u00e1ll\u00edt\u00f3k, \u00e1rus\u00edt\u00f3k jelentkez\u00e9s\u00e9t \u00f6r\u00f6mmel fogadjuk n\u00e9h\u00e1ny soros bemutatkoz\u00f3, fot\u00f3k \u00e9s el\u00e9rhet\u0151s\u00e9gek megjel\u00f6l\u00e9s\u00e9vel a kiskertpiac@gmail.com e-mail c\u00edmen, illetve 06 30 343 1853 telefonsz\u00e1mon. &nbsp;Iratkozz fel, ha nem szeretn\u00e9l lemaradni a legfrissebb rendezv\u00e9nyekkel kapcsolatos h\u00edrekr\u0151l, nyerem\u00e9nyekr\u0151l, hasznos cikkekr\u0151l.\u00a0<\/p>\n","protected":false},"author":1,"featured_media":0,"parent":0,"menu_order":0,"comment_status":"closed","ping_status":"closed","template":"","meta":{"_et_pb_use_builder":"on","_et_pb_old_content":"<!-- wp:divi\/placeholder \/-->","_et_gb_content_width":"","footnotes":""},"class_list":["post-311","page","type-page","status-publish","hentry"],"_links":{"self":[{"href":"https:\/\/kiskertpiac.hu\/index.php\/wp-json\/wp\/v2\/pages\/311","targetHints":{"allow":["GET"]}}],"collection":[{"href":"https:\/\/kiskertpiac.hu\/index.php\/wp-json\/wp\/v2\/pages"}],"about":[{"href":"https:\/\/kiskertpiac.hu\/index.php\/wp-json\/wp\/v2\/types\/page"}],"author":[{"embeddable":true,"href":"https:\/\/kiskertpiac.hu\/index.php\/wp-json\/wp\/v2\/users\/1"}],"replies":[{"embeddable":true,"href":"https:\/\/kiskertpiac.hu\/index.php\/wp-json\/wp\/v2\/comments?post=311"}],"version-history":[{"count":10,"href":"https:\/\/kiskertpiac.hu\/index.php\/wp-json\/wp\/v2\/pages\/311\/revisions"}],"predecessor-version":[{"id":394,"href":"https:\/\/kiskertpiac.hu\/index.php\/wp-json\/wp\/v2\/pages\/311\/revisions\/394"}],"wp:attachment":[{"href":"https:\/\/kiskertpiac.hu\/index.php\/wp-json\/wp\/v2\/media?parent=311"}],"curies":[{"name":"wp","href":"https:\/\/api.w.org\/{rel}","templated":true}]}}