{"id":9,"date":"2023-10-30T18:20:56","date_gmt":"2023-10-30T18:20:56","guid":{"rendered":"https:\/\/kiskertpiac.hu\/?page_id=9"},"modified":"2025-10-21T16:30:38","modified_gmt":"2025-10-21T16:30:38","slug":"fooldal","status":"publish","type":"page","link":"https:\/\/kiskertpiac.hu\/","title":{"rendered":"F\u0151oldal"},"content":{"rendered":"<p>[et_pb_section fb_built=&#8221;1&#8243; _builder_version=&#8221;4.27.4&#8243; _module_preset=&#8221;default&#8221; background_enable_image=&#8221;off&#8221; background_size=&#8221;initial&#8221; background_position=&#8221;top_right&#8221; background_horizontal_offset=&#8221;12%&#8221; background_vertical_offset=&#8221;0%&#8221; custom_margin=&#8221;||0px||false|false&#8221; custom_padding=&#8221;30px||2px|||&#8221; global_colors_info=&#8221;{}&#8221;][et_pb_row column_structure=&#8221;2_3,1_3&#8243; use_custom_gutter=&#8221;on&#8221; gutter_width=&#8221;2&#8243; _builder_version=&#8221;4.27.4&#8243; _module_preset=&#8221;default&#8221; width=&#8221;100%&#8221; max_width=&#8221;95%&#8221; custom_margin=&#8221;||-47px||false|false&#8221; custom_padding=&#8221;||0px||false|false&#8221; global_colors_info=&#8221;{}&#8221;][et_pb_column type=&#8221;2_3&#8243; _builder_version=&#8221;4.23&#8243; _module_preset=&#8221;default&#8221; global_colors_info=&#8221;{}&#8221;][et_pb_text _builder_version=&#8221;4.27.4&#8243; _module_preset=&#8221;default&#8221; text_text_color=&#8221;#b20062&#8243; text_font_size=&#8221;35px&#8221; text_font=&#8221;|700|||||||&#8221; hover_enabled=&#8221;0&#8243; sticky_enabled=&#8221;0&#8243;]<\/p>\n<p style=\"text-align: center;\">KISKERTPIAC<\/p>\n<p>[\/et_pb_text][et_pb_text _builder_version=&#8221;4.27.4&#8243; _module_preset=&#8221;default&#8221; text_text_color=&#8221;#666666&#8243; text_font_size=&#8221;21px&#8221; text_line_height=&#8221;1.8em&#8221; custom_padding=&#8221;4px|||||&#8221; global_colors_info=&#8221;{}&#8221; sticky_enabled=&#8221;0&#8243; custom_margin=&#8221;||10px||false|false&#8221; hover_enabled=&#8221;0&#8243;]<\/p>\n<p style=\"text-align: center;\">plants and natural design market<br \/>a term\u00e9szetes \u00e9letm\u00f3d kedvel\u0151inek piaca<br \/>n\u00f6v\u00e9ny, lakberendez\u00e9s \u00e9s \u00f6lt\u00f6z\u00e9kkieg\u00e9sz\u00edt\u0151k\u2026 csak\u00fagy, term\u00e9szetesen<\/p>\n<p>[\/et_pb_text][et_pb_text _builder_version=&#8221;4.27.4&#8243; _module_preset=&#8221;default&#8221; text_text_color=&#8221;#b20062&#8243; text_font_size=&#8221;20px&#8221; text_line_height=&#8221;1.8em&#8221; custom_margin=&#8221;||10px||false|false&#8221; custom_padding=&#8221;17px|||||&#8221; hover_enabled=&#8221;0&#8243; global_colors_info=&#8221;{}&#8221; sticky_enabled=&#8221;0&#8243;]<\/p>\n<p>A KISKERTPIAC a term\u00e9szetes \u00e9letst\u00edlust k\u00e9pviseli.<\/p>\n<p>Mit jelent ez?<br \/>Kialak\u00edtasz magad k\u00f6r\u00fcl egy term\u00e9szetk\u00f6zeli, fenntarthat\u00f3 vil\u00e1got. Vir\u00e1gokat, n\u00f6v\u00e9nyeket gondozol otthonodban, konyhakerti- \u00e9s f\u0171szern\u00f6v\u00e9nyeket termesztesz, ak\u00e1r a belv\u00e1rosban is. \u00c9teleid igyekszel magad elk\u00e9sz\u00edteni megb\u00edzhat\u00f3, f\u0151k\u00e9nt piacon v\u00e1s\u00e1rolt termel\u0151i alapanyagokb\u00f3l. A divatban a z\u00f6ld vonalat k\u00e9pviseled, \u00e9kszereid, t\u00e1rgyaid, otthonod berendez\u00e9sei \u00e1ltal is k\u00f6zel a term\u00e9szet. A nat\u00far kozmetikumokat r\u00e9szes\u00edted el\u0151nyben, h\u00e1ztart\u00e1sodban \u00e9s \u00e9letm\u00f3dodban igyekszel a j\u00f6v\u0151re is gondolni, aszerint cselekedni. K\u00f6zben felfedezed a v\u00e1rosban \u00e9s azon k\u00edv\u00fcl az ismert \u00e9s eldugott helyeket, ahol \u00e9rzed a term\u00e9szet illat\u00e1t, hallod a madarak hangj\u00e1t.<\/p>\n<p>Mi v\u00e1r a KISKERTPIACON?<br \/>El\u0151sz\u00f6r is olyan \u00e9rz\u00e9s, mintha egy kicsit m\u00e1s vil\u00e1gba cs\u00f6ppenn\u00e9l. Ezt nem mi mondjuk, folyamatosan visszahalljuk. Persze sok-sok n\u00f6v\u00e9ny, mosolyg\u00f3s ki\u00e1ll\u00edt\u00f3k \u00e9s a k\u00fcl\u00f6nleges, min\u0151s\u00e9gi term\u00e9szetk\u00f6zeli term\u00e9keik, alkot\u00e1saik.<\/p>\n<p>A KISKERTPIAC hangulat\u00e1t adjuk, mely a v\u00e1s\u00e1rl\u00e1s mellett besz\u00e9lget\u00e9sek, vagy ak\u00e1r egyed\u00fcl, elt\u00f6lt\u00f6tt min\u0151s\u00e9gi id\u0151t jelenti sz\u00e1modra finom \u00e9telek, italok mellett.<\/p>\n<p>Biztosak vagyunk abban, ha ell\u00e1togatsz a KISKERTPIACra, a Jur\u00e1nyi H\u00e1z Kacag\u00e1s Bisztr\u00f3j\u00e1ba l\u00e1that\u00f3an, \u00e9s vagy l\u00e1thatatlanul viszel magaddal valami j\u00f3t.<\/p>\n<p>[\/et_pb_text][\/et_pb_column][et_pb_column type=&#8221;1_3&#8243; _builder_version=&#8221;4.23&#8243; _module_preset=&#8221;default&#8221; global_colors_info=&#8221;{}&#8221;][et_pb_image src=&#8221;https:\/\/kiskertpiac.hu\/wp-content\/uploads\/2024\/12\/aagolm7-scaled-e1733857504921.jpg&#8221; title_text=&#8221;aagolm7&#8243; align=&#8221;center&#8221; _builder_version=&#8221;4.27.4&#8243; _module_preset=&#8221;default&#8221; custom_margin=&#8221;11px|||||&#8221; scroll_vertical_motion_enable=&#8221;on&#8221; scroll_vertical_motion=&#8221;0|85|85|100|1.5|0|-1.5&#8243; border_radii=&#8221;on|460px|460px|460px|460px&#8221; global_colors_info=&#8221;{}&#8221;][\/et_pb_image][\/et_pb_column][\/et_pb_row][\/et_pb_section][et_pb_section fb_built=&#8221;1&#8243; _builder_version=&#8221;4.27.4&#8243; _module_preset=&#8221;default&#8221; global_colors_info=&#8221;{}&#8221;][et_pb_row use_custom_gutter=&#8221;on&#8221; gutter_width=&#8221;2&#8243; _builder_version=&#8221;4.27.4&#8243; _module_preset=&#8221;default&#8221; width=&#8221;100%&#8221; max_width=&#8221;95%&#8221; custom_padding=&#8221;22px|||||&#8221; global_colors_info=&#8221;{}&#8221;][et_pb_column type=&#8221;4_4&#8243; _builder_version=&#8221;4.27.4&#8243; _module_preset=&#8221;default&#8221; global_colors_info=&#8221;{}&#8221;][et_pb_gallery gallery_ids=&#8221;112,115,117,298,299,300,301,302&#8243; gallery_orderby=&#8221;rand&#8221; posts_number=&#8221;30&#8243; orientation=&#8221;portrait&#8221; show_title_and_caption=&#8221;off&#8221; show_pagination=&#8221;off&#8221; module_id=&#8221;col-width&#8221; module_class=&#8221;col-width&#8221; _builder_version=&#8221;4.27.4&#8243; _module_preset=&#8221;default&#8221; custom_margin=&#8221;-4px|||||&#8221; global_colors_info=&#8221;{}&#8221;][\/et_pb_gallery][\/et_pb_column][\/et_pb_row][\/et_pb_section]<\/p>\n","protected":false},"excerpt":{"rendered":"<p>KISKERTPIACplants and natural design marketa term\u00e9szetes \u00e9letm\u00f3d kedvel\u0151inek piacan\u00f6v\u00e9ny, lakberendez\u00e9s \u00e9s \u00f6lt\u00f6z\u00e9kkieg\u00e9sz\u00edt\u0151k\u2026 csak\u00fagy, term\u00e9szetesenA KISKERTPIAC a term\u00e9szetes \u00e9letst\u00edlust k\u00e9pviseli. Mit jelent ez?Kialak\u00edtasz magad k\u00f6r\u00fcl egy term\u00e9szetk\u00f6zeli, fenntarthat\u00f3 vil\u00e1got. Vir\u00e1gokat, n\u00f6v\u00e9nyeket gondozol otthonodban, konyhakerti- \u00e9s f\u0171szern\u00f6v\u00e9nyeket termesztesz, ak\u00e1r a belv\u00e1rosban is. \u00c9teleid igyekszel magad elk\u00e9sz\u00edteni megb\u00edzhat\u00f3, f\u0151k\u00e9nt piacon v\u00e1s\u00e1rolt termel\u0151i alapanyagokb\u00f3l. A divatban a z\u00f6ld vonalat [&hellip;]<\/p>\n","protected":false},"author":1,"featured_media":0,"parent":0,"menu_order":0,"comment_status":"closed","ping_status":"closed","template":"","meta":{"_et_pb_use_builder":"on","_et_pb_old_content":"<!-- wp:divi\/placeholder \/-->","_et_gb_content_width":"","footnotes":""},"class_list":["post-9","page","type-page","status-publish","hentry"],"_links":{"self":[{"href":"https:\/\/kiskertpiac.hu\/index.php\/wp-json\/wp\/v2\/pages\/9","targetHints":{"allow":["GET"]}}],"collection":[{"href":"https:\/\/kiskertpiac.hu\/index.php\/wp-json\/wp\/v2\/pages"}],"about":[{"href":"https:\/\/kiskertpiac.hu\/index.php\/wp-json\/wp\/v2\/types\/page"}],"author":[{"embeddable":true,"href":"https:\/\/kiskertpiac.hu\/index.php\/wp-json\/wp\/v2\/users\/1"}],"replies":[{"embeddable":true,"href":"https:\/\/kiskertpiac.hu\/index.php\/wp-json\/wp\/v2\/comments?post=9"}],"version-history":[{"count":137,"href":"https:\/\/kiskertpiac.hu\/index.php\/wp-json\/wp\/v2\/pages\/9\/revisions"}],"predecessor-version":[{"id":433,"href":"https:\/\/kiskertpiac.hu\/index.php\/wp-json\/wp\/v2\/pages\/9\/revisions\/433"}],"wp:attachment":[{"href":"https:\/\/kiskertpiac.hu\/index.php\/wp-json\/wp\/v2\/media?parent=9"}],"curies":[{"name":"wp","href":"https:\/\/api.w.org\/{rel}","templated":true}]}}

Főoldal

<p>[et_pb_section fb_built=&#8221;1&#8243; _builder_version=&#8221;4.27.4&#8243; _module_preset=&#8221;default&#8221; background_enable_image=&#8221;off&#8221; background_size=&#8221;initial&#8221; background_position=&#8221;top_right&#8221; background_horizontal_offset=&#8221;12%&#8221; background_vertical_offset=&#8221;0%&#8221; custom_margin=&#8221;||0px||false|false&#8221; custom_padding=&#8221;30px||2px|||&#8221; global_colors_info=&#8221;{}&#8221;][et_pb_row column_structure=&#8221;2_3,1_3&#8243; use_custom_gutter=&#8221;on&#8221; gutter_width=&#8221;2&#8243; _builder_version=&#8221;4.27.4&#8243; _module_preset=&#8221;default&#8221; width=&#8221;100%&#8221; max_width=&#8221;95%&#8221; custom_margin=&#8221;||-47px||false|false&#8221; custom_padding=&#8221;||0px||false|false&#8221; global_colors_info=&#8221;{}&#8221;][et_pb_column type=&#8221;2_3&#8243; _builder_version=&#8221;4.23&#8243; _module_preset=&#8221;default&#8221; global_colors_info=&#8221;{}&#8221;][et_pb_text _builder_version=&#8221;4.27.4&#8243; _module_preset=&#8221;default&#8221; text_text_color=&#8221;#b20062&#8243; text_font_size=&#8221;35px&#8221; text_font=&#8221;|700|||||||&#8221; hover_enabled=&#8221;0&#8243; sticky_enabled=&#8221;0&#8243;]</p>
<p style="text-align: center;">KISKERTPIAC</p>
<p>[/et_pb_text][et_pb_text _builder_version=&#8221;4.27.4&#8243; _module_preset=&#8221;default&#8221; text_text_color=&#8221;#666666&#8243; text_font_size=&#8221;21px&#8221; text_line_height=&#8221;1.8em&#8221; custom_padding=&#8221;4px|||||&#8221; global_colors_info=&#8221;{}&#8221; sticky_enabled=&#8221;0&#8243; custom_margin=&#8221;||10px||false|false&#8221; hover_enabled=&#8221;0&#8243;]</p>
<p style="text-align: center;">plants and natural design market<br />a természetes életmód kedvelőinek piaca<br />növény, lakberendezés és öltözékkiegészítők… csakúgy, természetesen</p>
<p>[/et_pb_text][et_pb_text _builder_version=&#8221;4.27.4&#8243; _module_preset=&#8221;default&#8221; text_text_color=&#8221;#b20062&#8243; text_font_size=&#8221;20px&#8221; text_line_height=&#8221;1.8em&#8221; custom_margin=&#8221;||10px||false|false&#8221; custom_padding=&#8221;17px|||||&#8221; hover_enabled=&#8221;0&#8243; global_colors_info=&#8221;{}&#8221; sticky_enabled=&#8221;0&#8243;]</p>
<p>A KISKERTPIAC a természetes életstílust képviseli.</p>
<p>Mit jelent ez?<br />Kialakítasz magad körül egy természetközeli, fenntartható világot. Virágokat, növényeket gondozol otthonodban, konyhakerti- és fűszernövényeket termesztesz, akár a belvárosban is. Ételeid igyekszel magad elkészíteni megbízható, főként piacon vásárolt termelői alapanyagokból. A divatban a zöld vonalat képviseled, ékszereid, tárgyaid, otthonod berendezései által is közel a természet. A natúr kozmetikumokat részesíted előnyben, háztartásodban és életmódodban igyekszel a jövőre is gondolni, aszerint cselekedni. Közben felfedezed a városban és azon kívül az ismert és eldugott helyeket, ahol érzed a természet illatát, hallod a madarak hangját.</p>
<p>Mi vár a KISKERTPIACON?<br />Először is olyan érzés, mintha egy kicsit más világba csöppennél. Ezt nem mi mondjuk, folyamatosan visszahalljuk. Persze sok-sok növény, mosolygós kiállítók és a különleges, minőségi természetközeli termékeik, alkotásaik.</p>
<p>A KISKERTPIAC hangulatát adjuk, mely a vásárlás mellett beszélgetések, vagy akár egyedül, eltöltött minőségi időt jelenti számodra finom ételek, italok mellett.</p>
<p>Biztosak vagyunk abban, ha ellátogatsz a KISKERTPIACra, a Jurányi Ház Kacagás Bisztrójába láthatóan, és vagy láthatatlanul viszel magaddal valami jót.</p>
<p>[/et_pb_text][/et_pb_column][et_pb_column type=&#8221;1_3&#8243; _builder_version=&#8221;4.23&#8243; _module_preset=&#8221;default&#8221; global_colors_info=&#8221;{}&#8221;][et_pb_image src=&#8221;https://kiskertpiac.hu/wp-content/uploads/2024/12/aagolm7-scaled-e1733857504921.jpg&#8221; title_text=&#8221;aagolm7&#8243; align=&#8221;center&#8221; _builder_version=&#8221;4.27.4&#8243; _module_preset=&#8221;default&#8221; custom_margin=&#8221;11px|||||&#8221; scroll_vertical_motion_enable=&#8221;on&#8221; scroll_vertical_motion=&#8221;0|85|85|100|1.5|0|-1.5&#8243; border_radii=&#8221;on|460px|460px|460px|460px&#8221; global_colors_info=&#8221;{}&#8221;][/et_pb_image][/et_pb_column][/et_pb_row][/et_pb_section][et_pb_section fb_built=&#8221;1&#8243; _builder_version=&#8221;4.27.4&#8243; _module_preset=&#8221;default&#8221; global_colors_info=&#8221;{}&#8221;][et_pb_row use_custom_gutter=&#8221;on&#8221; gutter_width=&#8221;2&#8243; _builder_version=&#8221;4.27.4&#8243; _module_preset=&#8221;default&#8221; width=&#8221;100%&#8221; max_width=&#8221;95%&#8221; custom_padding=&#8221;22px|||||&#8221; global_colors_info=&#8221;{}&#8221;][et_pb_column type=&#8221;4_4&#8243; _builder_version=&#8221;4.27.4&#8243; _module_preset=&#8221;default&#8221; global_colors_info=&#8221;{}&#8221;][et_pb_gallery gallery_ids=&#8221;112,115,117,298,299,300,301,302&#8243; gallery_orderby=&#8221;rand&#8221; posts_number=&#8221;30&#8243; orientation=&#8221;portrait&#8221; show_title_and_caption=&#8221;off&#8221; show_pagination=&#8221;off&#8221; module_id=&#8221;col-width&#8221; module_class=&#8221;col-width&#8221; _builder_version=&#8221;4.27.4&#8243; _module_preset=&#8221;default&#8221; custom_margin=&#8221;-4px|||||&#8221; global_colors_info=&#8221;{}&#8221;][/et_pb_gallery][/et_pb_column][/et_pb_row][/et_pb_section]</p>

<p>KISKERTPIACplants and natural design marketa természetes életmód kedvelőinek piacanövény, lakberendezés és öltözékkiegészítők… csakúgy, természetesenA KISKERTPIAC a természetes életstílust képviseli. Mit jelent ez?Kialakítasz magad körül egy természetközeli, fenntartható világot. Virágokat, növényeket gondozol otthonodban, konyhakerti- és fűszernövényeket termesztesz, akár a belvárosban is. Ételeid igyekszel magad elkészíteni megbízható, főként piacon vásárolt termelői alapanyagokból. A divatban a zöld vonalat [&hellip;]</p>
